 22*q**2 + 221*q + 85. Let b be f(-5). Let t(u) = -13*u**2 + u - 1. What is t(b)?
-13
Let t(i) = -i - 5. Suppose 15 = -4*v - 17. Let g be t(v). Let b(h) = -h**2 + 4*h + 1. Let l(m) = 2*m**2 - 7*m - 1. Let p(w) = -5*b(w) - 3*l(w). Determine p(g).
-8
Let s(k) = 2*k + 137 - 406 + 58 + 121. Determine s(29).
-32
Let s(k) be the first derivative of 0*k + 1/6*k**4 + 4 - 1/3*k**3 - 2*k**2. Let p(d) be the second derivative of s(d). Determine p(2).
6
Let l(k) = 2*k**3 - 4*k**2 + 3*k + 2. Suppose -323*y + 24 = -317*y. Suppose 8 = 2*j + 2*z, -14 = -y*j - 0*j - 2*z. Calculate l(j).
29
Let l(m) = 3289*m**2 + m - 3285*m**2 - 4*m + 1. Give l(4).
53
Let w(g) = -15*g**2 - 25*g + 28. Let r(k) be the second derivative of -13*k**4/12 - 4*k**3 + 27*k**2/2 - 5*k + 2. Let t(u) = 7*r(u) - 6*w(u). What is t(-19)?
2
Let q(l) = 270*l + 335. Let t(g) = 93*g + 111. Let d(s) = 6*q(s) - 17*t(s). What is d(-3)?
6
Let l(t) be the third derivative of 13*t**5/60 - t**4/8 + 2*t**3/3 - 6*t**2 - 29*t - 2. What is l(1)?
14
Let l(x) be the second derivative of -x**5/120 - x**4/6 + 8*x**3 - 20*x - 2. Let w(o) be the second derivative of l(o). Determine w(-8).
4
Let k be (-161)/92*4 - 80/(-2) - 2. Let j(l) = 2*l**2 - 60*l - 41. What is j(k)?
21
Let l(d) = -5*d**2 - 2*d + 1. Let w = -26 - 28. Let x = w + 56. Suppose -x*f + 5*u = -5*f + 18, -f = u - 4. Calculate l(f).
-6
Let r(i) = -11*i**2 + 2*i + 1. Let z = -40 - -40. Suppose -3*w + 36 = -z*w. Suppose -w = j - 11. Calculate r(j).
-12
Let j(v) = -42*v - 2. Let w(g) = -24*g - 1. Let t(a) = -3*j(a) + 5*w(a). Give t(-2).
-11
Let c(z) = 5*z**3 - 161*z**2 - 19*z - 15. Let b(f) = -6*f**3 + 188*f**2 + 22*f + 16. Let w(x) = 6*b(x) + 7*c(x). Determine w(-4).
75
Let m = -45 + 43. Let p be 3 + ((-12)/24)/(m/(-4)). Let d(k) = p*k + 7 + 0*k + k - 5*k. Give d(8).
-9
Let p(s) be the second derivative of -s**4/12 - 3*s**3/2 + 11*s**2/2 + 269*s. Calculate p(-10).
1
Let s = -14 - -15. Let g(d) = 4 + 4*d + 1 - d + s. Determine g(-8).
-18
Let w(k) be the second derivative of -k**5/20 - k**4/4 + 4*k**3/3 + 2*k**2 + k + 1235. Calculate w(-5).
14
Let t(u) = -u**2 + 8*u - 8. Let r be 3 - 12/2 - -10. Suppose 0 = 2*i - 3*i + r. What is t(i)?
-1
Let q(i) = -i**3 + 12*i**2 - 12*i + 18. Let g be q(11). Let m be 167/15 + (-26)/(-30) + -1. Let r(a) = 419*a**2 - 208*a**2 + 6 + 3 - m*a - 210*a**2. Give r(g).
-19
Let b(n) be the third derivative of -1/2*n**3 - 1/6*n**4 + 2*n**2 + 0*n - 2. Determine b(-2).
5
Let q(y) = 3*y + 2*y + 6 + 3*y + y**2. Let z(c) = c**3 + 9*c**2 - 3*c + 27. Let f be z(0). Suppose 5*w = j - f, 22*w + j + 23 = 17*w. Determine q(w).
-9
Let j(o) = -o + 5. Let l = 99 - 59. Suppose -50*v + 52*v - 8 = y, 5*y + 4*v = -l. Determine j(y).
13
Let r(g) = 23*g**2 - 5 - g - 11*g**3 + 17*g - 11 - 16*g. Let y be -4*(-3)/6 + 2. Let o(u) = -5*u**3 + 11*u**2 - 8. Let b(s) = y*r(s) - 9*o(s). What is b(7)?
8
Let h(y) be the third derivative of 0*y + 1/720*y**6 + 3*y**2 + 0*y**3 + 1/24*y**5 + 0 - 3/4*y**4. Let s(l) be the second derivative of h(l). Determine s(4).
9
Suppose -j + 4 = 0, -2*j + 49 = 4*b + 37. Let q(t) = -4*t**2 + 1256*t + b - 1256*t. Suppose 5*o - 4 - 1 = 0. Give q(o).
-3
Let p = 748 + -763. Let m(t) = t**2 + 16*t + 16. Calculate m(p).
1
Let b(p) be the third derivative of -p**7/5040 - p**6/180 - 3*p**5/10 - p**4/12 + 8*p**2 + p. Let g(k) be the third derivative of b(k). Give g(-3).
-1
Let i be ((-48)/192)/(3/(-36)). Let a(s) be the third derivative of 0*s + 0 + 2/3*s**i - 1/24*s**4 + 13*s**2. Calculate a(-7).
11
Let l(q) be the first derivative of q**4/4 - 5*q**3/3 - 3*q**2/2 + 14*q - 10. Let b(v) = v**2 + 156*v + 464. Let h be b(-3). Give l(h).
-1
Let k(c) = 1466*c - 2 - 736*c - 732*c. Let j be (3/(-2))/(3/4). Determine k(j).
2
Let g(z) = 11*z - 174. Let m be g(15). Let v be 6 + m - (1 - 1). Let x(p) = p**3 + 2*p**2 + 3*p - 1. Give x(v).
-19
Let t = -88 - -101. Suppose u + 5 = t. Let v(i) = u + 0*i**2 - 17 - i**2 - 8*i. What is v(-6)?
3
Let x(p) = 6*p**3 - 4*p**2 + 2*p + 9. Let r(v) = -5*v**3 + 3*v**2 - 9. Let j(u) = -5*r(u) - 4*x(u). Let s be j(-4). Let i(z) = z**2 + 5*z - 5. Give i(s).
9
Let n(h) = -h**3 - 4*h**2 + 9*h - 21. Let b be n(-6). Let s(c) = 6*c**2 + 14*c + 3. What is s(b)?
15
Let d(p) = 12*p - 231. Let s(v) = 11*v - 179. Let k(j) = 3*d(j) - 4*s(j). What is k(6)?
-25
Let k(a) be the first derivative of a**5/10 - a**4/12 + a**3/6 - 88*a - 46. Let f(s) be the first derivative of k(s). Suppose 6*i = i + 5. Determine f(i).
2
Let t(y) = 59*y**2 + 94*y - 30. Let p(f) = 32*f**2 + 51*f - 16. Let v(g) = -11*p(g) + 6*t(g). What is v(-9)?
131
Let z(x) = -8*x - x**2 - 26 + 26. Suppose 152 + 58 = 5*r. Suppose 22*m + r = 16*m. Give z(m).
7
Let s be 5/(50/80) - 11. Let q(d) = 25*d + 73. Give q(s).
-2
Let c(x) = 4*x + 1. Let u be (-3 - (-55)/5)/1. Suppose -16*k + 8*k + u = 0. Determine c(k).
5
Let j(i) = 34*i + 1400. Let o be j(-41). Let m(h) = h**2 - 7*h - 14. Give m(o).
-20
Let p(v) be the first derivative of -4*v**2 + 1. Let q = -5914 + 5913. Calculate p(q).
8
Suppose -4*t - 4*z = 8, 2*t - 2*z - 2*z = 20. Let m(v) = 0*v**2 + 6*v**t - 2*v**2 - 1. Let r(i) = -6*i - 19. Let d be r(-3). What is m(d)?
3
Let d(v) = -v**2 - 2*v - 4. Suppose r + 1 - 4 = 0. Suppose -2*n + 54 = -r*a + 19, 2*n - a - 33 = 0. Suppose 3*z + 4 = z - q, -n = -4*q. Give d(z).
-12
Let w be (-270)/8 + -21*37/3108. Let u(x) = -10*x - 334. Determine u(w).
6
Let o(h) = h**3 - 8*h**2 + 18*h - 31. Let j be 11 + ((-6 - 3) + 6 - (-2)/(-1)). What is o(j)?
5
Let u(b) = -4*b + 3762 - 3778 - 3*b - 4*b. Give u(8).
-104
Let g(r) be the first derivative of r**7/840 - 7*r**6/360 + r**5/60 - 5*r**4/24 + 8*r**3 - r**2 + 125. Let t(x) be the third derivative of g(x). Give t(7).
9
Let j(m) be the second derivative of -m**5/60 + m**4/3 - 3*m**3/2 - 27*m**2 + 136*m. Let y(k) be the first derivative of j(k). Give y(8).
-9
Let r(i) = i**3 - i**2 + i - 3. Let w(t) = -2*t - 3. Let o be w(-4). Suppose 96 = -o*n + 9*n. Let h = -21 + n. What is r(h)?
18
Let i(w) be the first derivative of -3*w**2/2 + 4*w + 10. Let x be -12*-5*(-9)/180. Determine i(x).
13
Let l(q) = 39152*q - 13 + 39153*q - 78306*q. Suppose t - 5*t = 36. Determine l(t).
-4
Let a = 48 + -46. Let m(s) be the first derivative of 7*s**a + 668 - 4*s**2 - 658 + 4*s. What is m(-3)?
-14
Let z(p) = p**3 + 2*p + 11*p**2 - 3*p**2 - 15 - p**2 - 3*p**2 + 11. Let y(s) = 3*s**3 - s**2 + s + 2. Let j = 21 - 22. Let r be y(j). What is z(r)?
-1
Let h(r) = 15*r + 79. Let q = 8907 + -8912. Calculate h(q).
4
Let y(j) = j**2 + 4*j + 16. Let t(b) = 2*b**2 + 5*b + 21. Let z(d) = -8*t(d) + 11*y(d). Give z(-2).
-20
Let t = -281 - -499. Suppose t = b - 97. Let u(l) = -315 + l + b. What is u(0)?
0
Let h be 36/(-54) - (-28)/6. Let n = 520 - 326. Let k(s) = s**3 + 201 - 398 - 5*s**2 + 3*s + n. Calculate k(h).
-7
Suppose 3*o = -5*t + 50, -9*o + 5*o + 20 = 0. Let r(h) be the second derivative of h**4/12 - 4*h**3/3 + h**2/2 - 22*h. Calculate r(t).
-6
Let w(t) = -13*t**2 + 6*t + 19. Let l(h) = -9*h**2 + 4*h + 13. Let k = -122 + 117. Let p(y) = k*w(y) + 7*l(y). Determine p(3).
8
Let p(a) = 5*a - 1. Let w = 4415 + -4305. Let o be ((-109)/(-2))/((-2)/4). Let m = w + o. Give p(m).
4
Let a = -367 + 369. Let c(z) = -26*z + 46*z + 1 - a - 22*z + 0. Calculate c(-2).
3
Let l be 4 - -4 - 6/1. Let p(a) = 6 + 8 - 9 - 2*a - l - 5. What is p(-2)?
2
Let s(p) be the second derivative of -p**6/120 - p**5/20 + p**4/8 - 43*p**2/2 - 23*p. Let w(l) be the first derivative of s(l). Calculate w(-4).
4
Let h(y) = -y + 59. Let k = -8710 - -8728. What is h(k)?
41
Suppose 2*o = -4*s + 6, -2*s = -3*o - 0*s + 17. Suppose 4*d = 3 + o. Let b(m) be the second derivative of -2*m**3/3 + 3*m**2/2 + 9*m. Calculate b(d).
-5
Suppose 127*d + 4791 - 473 = 0. Let v(m) = m**2 + 29*m - 172. What is v(d)?
-2
Suppose 15*p + 2*p + 9*p + 5*p = 0. Let v(o) be the second derivative of -1/6*o**3 - 10*o + p - 1/2*o**2. Give v(6).
-7
Let y(c) = -14*c**3 - c**2 - c. Let a be 32 + -40 - (-38)/(-1). Suppose -176 = 4*t + 2*b, 5*b + 215 = -5*t - 0*b. Let w = a - t. What is y(w)?
14
Let q(h) = 3*h. Let r(v) = 7*v - 1. Let c(t) = -5*q(t) + 2*r(t). Let p = 94904 + -94903. Give c(p).
-3
Suppose -7*n - 22 + 78 = 0. Suppose -n = 4*w + 12. Let l(u) = 3*u - 2*u + u**3 - 30*u**2 + 35*u**2 - 3*u. Give l(w).
10
Let i(b) = -1. Let o(x) = 8*x +